omposite number?
True
Is 15217 prime?
True
Is 44615 a prime number?
False
Is 10417 prime?
False
Is 2443 composite?
True
Is 1704793 a composite number?
False
Is 236387 a prime number?
True
Is 25621 prime?
True
Is 1157503 composite?
False
Is 507829 prime?
False
Is 578399 composite?
False
Is 10517 a composite number?
True
Is 45651 a composite number?
True
Is 281747 prime?
True
Is 401279 a composite number?
False
Is 13661 a prime number?
False
Is 54059 a composite number?
False
Is 2098 a prime number?
False
Is 135611 prime?
False
Is 53779 composite?
True
Is 29819 composite?
False
Is 111143 composite?
False
Is 280097 composite?
False
Is 133 a composite number?
True
Is 407191 prime?
True
Is 669907 a prime number?
False
Is 161201 a composite number?
False
Is 174481 a composite number?
False
Is 616666 prime?
False
Is 56417 a prime number?
True
Is 429791 composite?
False
Is 3603001 composite?
True
Is 2468929 composite?
True
Is 1362967 a composite number?
False
Is 8399 prime?
False
Is 85001 composite?
True
Is 10007 a prime number?
True
Is 1511 composite?
False
Is 20887 a prime number?
True
Is 80977 composite?
True
Is 12605 prime?
False
Is 40045 a composite number?
True
Is 2237 composite?
False
Is 10369 prime?
True
Is 12181 a composite number?
True
Is 1902085 composite?
True
Is 16869 composite?
True
Is 10487 prime?
True
Is 79 prime?
True
Is 2144117 prime?
True
Is 1961 prime?
False
Is 24571 a prime number?
True
Is 30467 a composite number?
False
Is 181871 a prime number?
True
Is 263501 a composite number?
True
Is 461067 a prime number?
False
Is 12709 a composite number?
True
Is 3149 a prime number?
False
Is 21961 composite?
False
Is 3659 composite?
False
Is 64687 prime?
False
Is 64171 a composite number?
False
Is 119701 a prime number?
True
Is 2621 a prime number?
True
Is 96218 a prime number?
False
Is 6191 composite?
True
Is 11249 a composite number?
True
Is 16795 a composite number?
True
Is 5227 prime?
True
Is 184211 a composite number?
False
Is 5813 prime?
True
Is 398813 prime?
True
Is 462401 composite?
False
Is 10061 prime?
True
Is 16495 composite?
True
Is 182549 a composite number?
False
Is 37321 prime?
True
Is 37321 a prime number?
True
Is 76047 composite?
True
Is 677 prime?
True
Is 425767 prime?
False
Is 629113 a composite number?
False
Is 4757681 composite?
True
Is 1219 a prime number?
False
Is 309763 a composite number?
True
Is 173003 a prime number?
False
Is 366635 prime?
False
Is 42221 composite?
False
Is 4699 composite?
True
Is 62941 a composite number?
True
Is 205879 a composite number?
False
Is 8951 a prime number?
True
Is 765295 prime?
False
Is 20581 a composite number?
True
Is 8465 a prime number?
False
Is 82811 a composite number?
False
Is 3037 prime?
True
Is 965527 a prime number?
False
Is 12781 composite?
False
Is 108727 composite?
False
Is 40667 composite?
True
Is 919663 a composite number?
True
Is 271163 a composite number?
False
Is 17197 a prime number?
False
Is 121897 prime?
False
Is 33871 a composite number?
False
Is 8191 a composite number?
False
Is 1543 composite?
False
Is 1255301 a prime number?
True
Is 29353 a composite number?
True
Is 295107 prime?
False
Is 16603 prime?
True
Is 173699 prime?
True
Is 609685 composite?
True
Is 23098 prime?
False
Is 5455 a prime number?
False
Is 2962 a composite number?
True
Is 61865 a prime number?
False
Is 16081 a composite number?
True
Is 20173 a prime number?
True
Is 349423 a prime number?
True
Is 456223 a composite number?
False
Is 4666 composite?
True
Is 23551 prime?
False
Is 15969 a composite number?
True
Is 794621 prime?
False
Is 102791 composite?
True
Is 28687 a composite number?
False
Is 4703 a composite number?
False
Is 973045 a prime number?
False
Is 1412753 composite?
False
Is 23341 prime?
False
Is 15947 prime?
False
Is 49423 composite?
True
Is 29479 prime?
False
Is 8251 a composite number?
True
Is 245699 a prime number?
False
Is 4327 a composite number?
False
Is 470621 composite?
False
Is 36821 composite?
False
Is 240997 composite?
False
Is 5333 composite?
False
Is 205097 a prime number?
True
Is 50341 composite?
False
Is 241249 prime?
True
Is 168997 prime?
False
Is 81689 composite?
False
Is 415931 prime?
True
Is 24709 composite?
False
Is 36193 prime?
False
Is 1208279 prime?
True
Is 10743 prime?
False
Is 66841 composite?
False
Is 88411 prime?
True
Is 5437 prime?
True
Is 27299 prime?
True
Is 9409 a prime number?
False
Is 80867 composite?
True
Is 1003 a composite number?
True
Is 1405027 a composite number?
True
Is 10167 prime?
False
Is 136943 composite?
False
Is 9107 a prime number?
False
Is 7349 a composite number?
False
Is 2779 prime?
False
Is 87149 prime?
True
Is 159514 a composite number?
True
Is 78137 a prime number?
True
Is 1058641 prime?
False
Is 12929 a composite number?
True
Is 322381 a prime number?
False
Is 184879 a prime number?
True
Is 336059 prime?
True
Is 3707 a prime number?
False
Is 2663167 a prime number?
False
Is 842141 prime?
True
Is 14519 a composite number?
False
Is 1047467 a composite number?
False
Is 48071 a prime number?
False
Is 403483 prime?
True
Is 7211 composite?
False
Is 1633 prime?
False
Is 606493 composite?
False
Is 216091 prime?
True
Is 541 a prime number?
True
Is 1483013 prime?
False
Is 4342487 prime?
True
Is 855667 a composite number?
False
Is 373253 a prime number?
False
Is 28751 a composite number?
False
Is 4358 composite?
True
Is 10037 composite?
False
Is 164173 a composite number?
False
Is 2090567 a composite number?
False
Is 147403 composite?
True
Is 210117 a prime number?
False
Is 123283 prime?
False
Is 8153 prime?
False
Is 33958 prime?
False
Is 1493017 prime?
False
Is 13193 composite?
True
Is 95003 a prime number?
True
Is 74267 prime?
False
Is 49711 prime?
True
Is 86479 a prime number?
False
Is 19571 prime?
True
Is 9293 prime?
True
Is 9391 a composite number?
False
Is 173021 composite?
False
Is 1277 prime?
True
Is 4861 prime?
True
Is 314677 composite?
True
Is 134641 composite?
True
Is 21005 a composite number?
True
Is 13591 prime?
True
Is 40559 prime?
True
Is 10511 composite?
True
Is 2009029 a prime number?
False
Is 87439 a prime number?
False
Is 1454627 a composite number?
True
Is 176849 prime?
True
Is 26671 a composite number?
True
Is 97919 composite?
False
Is 2885485 prime?
False
Is 3343 composite?
False
Is 681647 prime?
True
Is 87011 prime?
True
Is 117989 prime?
True
Is 17305 composite?
True
Is 101467 composite?
False
Is 66919 prime?
True
Is 16333 a composite number?
False
Is 12013 a prime number?
False
Is 194809 a composite number?
False
Is 588067 composite?
True
Is 30157 a prime number?
False
Is 2903 prime?
True
Is 67903 a prime number?
False
Is 325202 prime?
False
Is 2811 composite?
True
Is 82439 composite?
True
Is 10099 a prime number?
True
Is 24733 prime?
True
Is 18329 a prime number?
True
Is 5053 composite?
True
Is 267097 a composite number?
False
Is 372074 a prime number?
False
Is 241427 composite?
True
Is 4201 composite?
False
Is 130457 composite?
False
Is 2353 prime?
False
Is 22309 composite?
True
Is 25577 a prime number?
True
Is 3761 a prime number?
True
Is 62099 a composite number?
False
Is 19555 composite?
True
Is 34543 prime?
True
Is 1704139 composite?
True
Is 18773 prime?
True
Is 34063 a composite number?
True
Is 849971 a composite number?
True
Is 7061 a composite number?
True
Is 288713 a prime number?
False
Is 8159 a prime number?
False
Is 218873 prime?
True
Is 5209 a composite number?
False
Is 5017 composite?
True
Is 954971 a prime number?
True
Is 80583 a prime number?
False
Is 211 a prime number?
True
Is 107971 prime?
True
Is 4589 a composite number?
True
Is 127 prime?
True
Is 16487 composite?
False
Is 253347 composite?
True
Is 314219 a prime number?
True
Is 16945 a prime number?
False
Is 78091 composite?
True
Is 57578 composite?
True
Is 98497 composite?
True
Is 40073 prime?
False
Is 877 a prime number?
True
Is 25841 a composite number?
False
Is 133 prime?
False
Is 101267 a composite number?
False
Is 13963 prime?
True
Is 37645 prime?
False
Is 14757 a prime number?
False
Is 183139 prime?
False
Is 94771 prime?
True
Is 80897 prime?
True
Is 691 a composite number?
False
Is 336491 prime?
True
Is 10007 prime?
True
Is 17539 prime?
True
Is 221393 a composite number?
False
Is 4049 prime?
True
Is 3037 a prime number?
True
Is 329